et s(t) = -157*t - 5449. Calculate s(-32).
-425
Let x(c) = 23*c + 1818. Determine x(-61).
415
Let z(g) = 1676*g + 47361. What is z(-29)?
-1243
Let h(o) = 21*o**2 + 5279*o + 31518. Determine h(-6).
600
Let i(r) = -r**2 + 1419*r + 110476. What is i(-74)?
-6
Let d(y) = -49*y + 2291. Give d(56).
-453
Let j(f) = -f**3 + 908*f**2 + 8346*f + 866. Calculate j(-9).
29
Let o(t) = -5*t - 938. What is o(65)?
-1263
Let r(u) = -2*u**3 + 34*u**2 - 28*u + 87. Give r(13).
1075
Let s(v) = -v**2 + 429*v - 14903. What is s(38)?
-45
Let f(c) = -1663*c + 28297. Determine f(17).
26
Let h(k) = 3*k**3 + 2714*k**2 + 7242*k + 23522. What is h(-902)?
70
Let p(m) = 7734*m + 2770. What is p(0)?
2770
Let a(k) = 6163*k - 79859. Determine a(13).
260
Let i(g) = -6*g + 265. Calculate i(-161).
1231
Let t(g) = 9*g**2 + 75*g + 164. What is t(-9)?
218
Let g(b) = -959*b + 130413. Determine g(136).
-11
Let h(m) = 54*m**3 - 30086*m**2 + 4457*m - 574. Calculate h(557).
-17
Let g(w) = -w**3 - 13*w**2 + 233*w + 37. Determine g(10).
67
Let f(r) = -36*r**2 + 3518*r - 59984. What is f(22)?
-12
Let a(z) = -64742*z - 323421. Determine a(-5).
289
Let a(w) = -w**3 + 18*w**2 + 778*w + 1092. Calculate a(-19).
-333
Let z(k) = k**3 + 158*k**2 - 20334*k + 184. What is z(84)?
-320
Let l(d) = -2*d**2 - 2282*d - 637967. Give l(-651).
13
Let l(n) = n**3 - 14*n**2 - 218*n + 222. Calculate l(23).
-31
Let f(t) = -28*t**2 - 7466*t + 2452. What is f(-267)?
-218
Let w(u) = -15*u**2 + 18026*u + 126256. Give w(-7).
-661
Let c(p) = p**3 - 68*p**2 - 3393*p + 225764. Determine c(71).
-16
Let o(f) = 2*f**2 - 5*f + 478. Determine o(-17).
1141
Let m(n) = n**3 - 5*n**2 - 695*n + 65. Calculate m(29).
94
Let z(g) = g**2 - 244*g + 11857. Give z(178).
109
Let p(d) = -2*d**3 - 294*d**2 - 295*d - 309. What is p(-146)?
129
Let o(v) = -608*v**2 + 10506*v + 5. Calculate o(17).
2895
Let g(n) = 4*n**2 - 262*n + 6034. Calculate g(30).
1774
Let o(y) = 1220*y + 43979. Determine o(-36).
59
Let l(q) = -64*q + 2198. Determine l(-34).
4374
Let b(m) = m**2 + 9311*m + 2253. Give b(0).
2253
Let b(h) = -5*h**2 - 476*h + 6888. Determine b(-108).
-24
Let l(z) = -47*z**3 - 3*z**2 - 381*z + 1138. Calculate l(3).
-1301
Let t(u) = -u**3 - 14*u**2 + 467*u + 6792. Determine t(-15).
12
Let v(j) = -2811*j - 121701. Determine v(-43).
-828
Let v(l) = -6*l**2 + 102*l + 1440. Give v(-22).
-3708
Let v(u) = -680*u - 120. Determine v(2).
-1480
Let u(i) = -2*i**2 - 2478*i + 19894. What is u(8)?
-58
Let i(n) = n**3 + 3*n**2 - 1138*n + 9267. Give i(9).
-3
Let b(g) = 3*g**3 + 109*g**2 - 62*g + 463. Give b(-37).
19
Let z(b) = -13*b**2 - 4522*b - 21577. Give z(-343).
32
Let l(i) = i**2 + 893*i - 135303. Calculate l(132).
-3
Let y(r) = r**3 - 345*r**2 + 17092*r + 2368. Give y(285).
88
Let g(q) = 2*q**2 + 1191*q + 27350. Calculate g(-24).
-82
Let f(a) = -148*a - 1644. Determine f(-4).
-1052
Let l(i) = -i**3 - 39*i**2 - 20*i - 767. What is l(-39)?
13
Let n(h) = h**3 + 144*h**2 - 599*h - 994. Calculate n(-148).
42
Let t(c) = -c**3 - 188*c**2 + 1749*c + 214. What is t(9)?
-2
Let c(v) = 28*v**3 - 24*v**2 - 129*v - 34. What is c(-4)?
-1694
Let x(y) = -129*y - 15245. Determine x(-119).
106
Let f(h) = -187*h - 13660. Give f(-76).
552
Let g(x) = -32227*x + 24943693. What is g(774)?
-5
Let n(a) = -6928*a**2 + 41438*a + 20. What is n(6)?
-760
Let v(t) = 16472*t + 16572. Calculate v(-1).
100
Let s(p) = 1542*p + 17043. What is s(-9)?
3165
Let r(t) = -t**3 + 215*t**2 + 559*t - 27121. Determine r(217).
4
Let s(u) = -40*u**3 - 519*u**2 - 21*u - 33. Determine s(-13).
409
Let k(c) = c**2 - 292*c + 18888. Calculate k(196).
72
Let g(f) = 728*f + 41324. Calculate g(-57).
-172
Let n(w) = -w**3 - 8*w**2 + 1582*w + 6482. Calculate n(-42).
14
Let a(z) = -z**3 + 184*z**2 + 2485*z + 14977. Give a(197).
5
Let o(x) = x**2 - 127*x + 1978. Calculate o(33).
-1124
Let w(t) = 5*t**2 + 663*t - 270. Calculate w(-133).
-4
Let n(w) = 136*w**2 - 43180*w + 21553. Calculate n(317).
-3
Let p(a) = -973*a + 442713. Give p(455).
-2
Let b(l) = 181174*l - 155. Give b(0).
-155
Let k(u) = 25*u**2 + 463*u + 210. Calculate k(-18).
-24
Let p(g) = 227428*g + 214. Determine p(0).
214
Let p(h) = 11663*h - 127426. Determine p(11).
867
Let l(f) = -19*f**2 - 943*f - 564. Calculate l(-49).
24
Let i(f) = -469*f**2 - 39375*f + 1734. Give i(-84).
-30
Let o(w) = w**3 - 369*w**2 + 7309*w - 27. Calculate o(21).
-6
Let s(a) = -a**3 - 42*a**2 + 19037*a + 816738. Determine s(-43).
-4
Let f(v) = 239204*v + 4544856. What is f(-19)?
-20
Let b(y) = 14486*y + 144869. Calculate b(-10).
9
Let r(t) = -4*t**2 + 3115*t + 100603. Give r(-31).
194
Let l(c) = -2223*c - 56681. Calculate l(-26).
1117
Let j(m) = m**3 + 77*m**2 + 160*m + 91. Give j(-75).
-659
Let u(q) = -34*q**2 + 64*q - 2996. Calculate u(0).
-2996
Let h(f) = 5*f**2 - 798*f - 797. What is h(-1)?
6
Let d(q) = -1889*q + 5067. Determine d(2).
1289
Let f(o) = -2*o**2 - 648*o - 1532. Calculate f(-322).
-244
Let k(c) = 5*c**2 + 520*c + 9599. Determine k(-80).
-1
Let y(w) = 67*w - 3979. Give y(70).
711
Let m(r) = 778*r + 11808. What is m(-15)?
138
Let a(h) = -2517*h - 32536. Give a(-13).
185
Let p(y) = 1098856*y - 4395410. Calculate p(4).
14
Let v(o) = -5436*o + 10921. What is v(2)?
49
Let n(t) = -t**2 - 126*t - 2577. Calculate n(-18).
-633
Let p(j) = 5*j**2 - 110*j - 966. Calculate p(29).
49
Let f(u) = -2*u**3 - 235*u**2 - 6804*u + 1114. Give f(-65).
-251
Let t(k) = 2*k**3 + 15*k**2 + 44*k + 484. Calculate t(-8).
68
Let x(z) = -979*z + 9788. Determine x(10).
-2
Let a(x) = x**3 + 14*x**2 + 31*x - 34. What is a(-4)?
2
Let x(h) = -1318*h + 16887. Give x(13).
-247
Let w(f) = 16553*f + 314503. What is w(-19)?
-4
Let r(x) = 3*x**3 - 69*x**2 - 65*x - 175. Calculate r(24).
-7
Let j(c) = -2784*c**3 + 245*c**2 - 244*c. What is j(1)?
-2783
Let v(o) = -o**2 + 358*o - 8332. Determine v(25).
-7
Let l(o) = 291*o - 6499. What is l(23)?
194
Let t(u) = 163009*u + 3749215. Give t(-23).
8
Let p(x) = -3*x**3 - 150*x**2 + 4740*x - 867. Calculate p(-72).
-3
Let w(n) = 1771*n - 804. Calculate w(2).
2738
Let w(u) = -19*u**3 + 149*u**2 - 33*u + 358. Determine w(8).
-98
Let w(b) = 2*b**3 - 593*b**2 - 3800*b - 42112. Calculate w(303).
5
Let g(f) = -68065*f + 884843. Calculate g(13).
-2
Let r(w) = 9*w**2 - 465*w - 1442. What is r(-3)?
34
Let i(q) = 5*q**3 - 4118*q**2 + 2466*q + 2476. Give i(823).
7
Let z(y) = y**3 - 11735*y**2 - 105693*y + 18. Determine z(-9).
-9
Let z(c) = -c**3 + 13*c**2 + 12*c - 15. Determine z(0).
-15
Let d(j) = j**3 + 811*j**2 + 681*j - 104496. Calculate d(-810).
-6
Let k(i) = 1029*i - 949. Calculate k(1).
80
Let n(u) = -84*u**2 - 888*u - 615. Calculate n(-10).
-135
Let r(j) = -18799*j - 169172. Determine r(-9).
19
Let t(s) = 798*s + 47182. Calculate t(-60).
-698
Let m(s) = 2*s**3 - 94*s**2 - 235*s - 150. Calculate m(50).
3100
Let p(s) = -12*s**2 - 1861*s + 18816. Calculate p(10).
-994
Let v(m) = 7*m**2 + 74*m - 236. Determine v(3).
49
Let h(w) = -1042*w - 477. What is h(0)?
-477
Let d(o) = 140*o**3 + 307*o**2 - 3*o - 10. Give d(-3).
-1018
Let i(s) = -5*s**3 + 5698*s**2 - 87672*s + 4. Calculate i(1124).
4
Let c(n) = -334*n**2 + 3012*n - 63. Determine c(9).
-9
Let f(o) = o**3 - 154*o**2 - 677*o + 7119. Calculate f(158).
9
Let n(z) = z**2 - 23281*z + 3354688. Calculate n(145).
-32
Let x(z) = -4*z**2 + 169*z + 347. Determine x(48).
-757
Let p(o) = -8771*o - 385921. Determine p(-44).
3
Let h(o) = o**3 - 54*o**2 - 571*o + 737. Give h(63).
485
Let n(g) = -66*g + 138. What is n(4)?
-126
Let a(m) = m**2 + 1425*m + 27804. Calculate a(-20).
-296
Let t(x) = -129*x**3 - 1031*x**2 + 183*x + 1417. Calculate t(-8).
17
Let w(r) = r**3 + 103*r**2 - 111928*r + 879. Calculate w(-390).
99
Let y(p) = -9086*p - 7443. What is y(-1)?
1643
Let m(i) = 3*i**2 - 82*i + 520. Determine m(10).
0
Let h(w) = 6803*w - 2326574. Give h(342).
52
Let h(k) = -3*k**3 - 33*k**2 + 122*k + 13. Determine h(4).
-219
Let h(z) = 31940*z - 2044214. What is h(64)?
-54
Let u(z) = 6668*z**2 + 133354*z - 124. Calculate u(-20).
-4
Let n(w) = 4*w**2 - 2370*w - 40189. Calculate n(609).
5
Let i(c) = -3*c**3 - 5*c - 32. What is i(-3)?
64
Let q(g) = g**3 + 2*g**2 + 34993*g - 69994. Calculate q(2).
8
Let s(j) = -j**3 - 5*j**2 + 102*j + 25. Calculate s(-13).
51
Let c(y) = -3*y**2 + 1184*y - 32051. What is c(28)?
-1251
Let h(k) = -22076*k + 211938